12, 2*y = 5*v - 21 + 5. Let g(b) = 2*b + 4. Let d(t) = -8 + t - 5*t + 0*t + 1. Let r(n) = 4*d(n) + 7*g(n). What is r(y)?
-4
Suppose 3*q = -4*y - 7, 4*q - 2*y = 10 + 10. Let a(c) = -14*c**2 + 3*c + 1. Let u(j) = 13*j**2 - 2*j - 1. Let z(r) = q*a(r) + 4*u(r). What is z(1)?
10
Let y(i) = -i + 6. Let a be y(0). Let u be (0/(a/2))/1. Let c(n) = -n**2 + 7*n + 1. Let j(z) = -z + 1. Let d(v) = -c(v) - 6*j(v). Determine d(u).
-7
Let s(g) = 11*g - 3. Let o(n) = -5*n + 2. Let t(q) = 5*o(q) + 2*s(q). Let w = 239 + -242. Give t(w).
13
Let n(w) = -3*w**3 - 15*w**2 - 26*w - 26. Let i(t) = -5*t**2 - 3 + 0 - 6 - t**3 + 0 - 9*t. Let g(s) = 11*i(s) - 4*n(s). Calculate g(-4).
1
Let m(s) = -s**2 + 8*s + 3. Let o be m(8). Suppose o*k + 2*k = 25. Let n(y) = -y**3 + 5*y**2 + 2*y - 4. What is n(k)?
6
Suppose 0*q = q. Suppose q*c + 2 = -2*c. Let m be (c + -1)*4/2. Let p(l) = l - 1. Give p(m).
-5
Suppose -3*r - 6 = -3*o, r - o + 2*o = -6. Let y(m) = 2*m + 1. Calculate y(r).
-7
Let p be 4/(-12)*(-11 + 2). Let t(d) be the second derivative of -d**2 - 1/6*d**p + 0 + 2*d. Calculate t(-3).
1
Let m(b) = 8*b - 1. Let y(l) = -l - 1. Let a be y(5). Suppose 0 = -2*n - 3*n - 25. Let i = n - a. Determine m(i).
7
Suppose 0 = -5*a + a. Let g(r) = a*r**2 + 4*r + 2*r**2 - 3*r**2 - 3. Suppose 11*z = 9*z + 6. Calculate g(z).
0
Let q(d) be the second derivative of d**5/20 + d**4/2 - 3*d**2/2 - 9*d. Determine q(-6).
-3
Let z(i) = -i**2 + 6*i + 9. Let f be z(7). Let y(m) be the second derivative of -f*m - 1/2*m**2 + 11/20*m**5 + 1/3*m**3 - 1/6*m**4 + 0. Determine y(1).
10
Let b(a) = 6 - 6 - 4*a + 6 - a**2. Let z = -117 + 111. Give b(z).
-6
Let k(n) = -5*n - n + 16*n - 7*n. Determine k(-2).
-6
Let u be (-2)/((2/(-4))/1). Let x(g) = 6*g**2 - 9*g + 8. Let m(d) = -5*d**2 + 8*d - 7. Let q(n) = u*x(n) + 5*m(n). Give q(3).
0
Let s(a) = 0*a**2 - 2*a**2 + 2*a + 4 - a**3 + 0*a. Let f = -39 - -36. Calculate s(f).
7
Suppose -7*w + 6*w + 4 = 0. Let d(c) = -c**3 + 4*c**2 - 3*c. What is d(w)?
-12
Let k(d) = 2*d - 32. Let i(m) = m - 11. Let b(v) = -11*i(v) + 4*k(v). What is b(-5)?
8
Let w(n) = -498 - n + 2*n + 494. Give w(3).
-1
Let q(t) = 2*t - 1 + 10*t**2 + 4*t**2 - 16*t**2. Determine q(4).
-25
Let l be 0 + 1*(-6)/(-1). Let a = 11 - l. Let g(t) be the second derivative of t**3/6 - t**2/2 + t. What is g(a)?
4
Let c(n) = n**3 + 7*n**2 + 7*n + 7. Let u be 3/(-9) + (-17)/3. Let f be c(u). Let y(r) = -6*r**3 + 2*r - 1. What is y(f)?
-5
Let c(j) = -j - 2. Let q be c(-4). Let t(h) = -6*h**3 + 8*h**2 - h - 3. Let y(w) = -7*w**3 + 9*w**2 - w - 4. Let d(u) = -6*t(u) + 5*y(u). Calculate d(q).
-4
Suppose -4*r = -3 - 1. Let m = 1 - r. Suppose -3*h + 2*h + l - 3 = m, 5*h = -5*l - 35. Let w(y) = y - 3. What is w(h)?
-8
Let m(v) be the first derivative of -1/2*v**2 + v - 2/3*v**3 - 5. What is m(1)?
-2
Let x = 6 + -3. Let k(t) = -3*t + 5 - x + 2*t. What is k(-5)?
7
Let t(h) = 5*h**3 + 2*h**2 + 2*h + 1. Let g be (-12)/9 + ((-21)/9)/(-7). What is t(g)?
-4
Let x(i) = i**3 - 7*i**2 - 17*i - 3. Let h be x(9). Let w(g) = g**3 - 5*g**2 - 9*g + 4. What is w(h)?
-14
Let w(g) = -4*g + 3*g**2 + 4*g - 3 + 2*g - g**3. Let c be w(3). Let n(t) = 3*t + t**3 - 2*t**3 + 4*t**2 - 2*t**2. What is n(c)?
0
Let f(y) = 4*y**2 + y. Let c be 0 + (0 - -1) + -2. Let i be f(c). Let s(q) = 1 - i + 0*q + q. Calculate s(5).
3
Let g = -91 - -93. Let f(j) = -j + 6. Let i be f(4). Let w(n) = 5*n**2 - n**2 - 3*n + 3 - n**i. Give w(g).
9
Let t(j) = j**3 - 4*j**2 - 4*j + 7. Let p be -4 + (4 - 0 - -1) - -4. Calculate t(p).
12
Let t(x) be the first derivative of 6*x**2 - x + 18. Determine t(-1).
-13
Let x(m) = -m + 0 - 2 + m**2 - m - 1. Let r be x(3). Let t(z) = z - 1. Let d(w) = 2*w - 1. Let u(q) = 6*d(q) - 11*t(q). What is u(r)?
5
Let s(w) = w**3 - 4*w**2 - w - 1. Let g(y) = y**3 + y**2 - y - 7. Let b be g(0). Let v be (-4)/14 - 30/b. What is s(v)?
-5
Let q(j) be the first derivative of -j**4/4 + 5*j**3/3 + 5*j**2/2 + 3. Let f be q(6). Let x(c) = c**3 + 6*c**2 - 6. What is x(f)?
-6
Let b(v) be the second derivative of v**3/6 + v. Let j be (2/(-2) + (-9)/(-18))*10. Determine b(j).
-5
Suppose -2*c = 3*c + 40. Let a(q) = q**3 + 9*q**2 + 9*q + 11. Calculate a(c).
3
Let g(f) be the first derivative of -f**3/3 + 2*f**2 - 4*f + 20. Give g(4).
-4
Let j(v) = 5*v + 14. Let y(u) = -2*u - 5. Suppose -m + 18 = 2*p, 3*p = -p - 3*m + 38. Let c(q) = p*y(q) + 3*j(q). Determine c(1).
1
Suppose -3*a + 5*a = 8. Suppose 4*f = 3*f + a. Let z(d) = 4*d - 9. Let x(h) = -11*h + 27. Let l(k) = -3*x(k) - 8*z(k). What is l(f)?
-5
Suppose -5*n + 21 = -5*c - 9, -4*c = -4. Let x(h) = n + 2*h - 3*h + 0*h. Let b be 2/(16/2) + (-92)/(-16). What is x(b)?
1
Let w(k) = 201*k + 51. Let x(d) = -8*d - 2. Let r(v) = -6*w(v) - 153*x(v). Give r(1).
18
Let y(l) = 1. Let m(k) = -k**2 + 6*k - 9. Let h(c) = -m(c) - 5*y(c). Determine h(6).
4
Suppose 4 = -2*b - 4*z + 8, 0 = 2*z + 2. Suppose b*h - 1 = 19. Let t(a) = a + 0 - 1 - 4. Determine t(h).
0
Let g(j) = -j + 6*j + 5 + 2 - 4 + j**2. What is g(-5)?
3
Let k(w) = -2 - w + w**2 - 2 - 2 + 5*w. What is k(-6)?
6
Let h = -18 - -21. Let r(u) = 9*u + 4. Calculate r(h).
31
Let n(y) = -3 - y + 4 + 1. Let t be (-8)/6*18/(-8). Determine n(t).
-1
Suppose 5*c - 8 = 7. Let y be (24/(-30))/((-2)/5). Let j(b) = b**3 + 2 + 0 - 3*b**y - b - 1. Give j(c).
-2
Let z(c) = -4*c + 10. Let y be z(4). Let w(q) = q**2 + 6*q - 1. Calculate w(y).
-1
Let j(c) be the first derivative of c**4/4 - 3*c**3 - c**2/2 + 12*c + 27. Determine j(9).
3
Let v(k) = -k - 5. Let r(f) = 3*f + 10. Let o(b) = 2*r(b) + 5*v(b). Give o(0).
-5
Suppose -f = 5*g + 5 + 10, 5*f - 5 = -5*g. Let s(q) = q**3 - q**2 + 2*q - 2. Let m(v) = 4*v**3 - 2*v**2 + 6*v - 7. Let w(c) = 2*m(c) - 7*s(c). Determine w(g).
-8
Let k(g) = g**3 - g - 1. Suppose 3*r = -6, 14 = -3*f - 3*r - 13. Let y = f - -5. What is k(y)?
-7
Let n be (-2)/6 - 10/(-3). Let h(y) = -6*y + n*y - 4 + 2*y. Give h(-2).
-2
Let r(z) be the third derivative of -z**8/6720 + z**7/630 + z**6/180 - z**5/120 + 5*z**4/24 - z**2. Let s(k) be the second derivative of r(k). Determine s(5).
-6
Let f = 7 + -7. Suppose k + 2 + 1 = -2*w, f = -3*k + 2*w + 15. Let z(a) = -1 - 4*a + k*a + 2*a - 3*a. Determine z(-5).
9
Let x(k) = k - 3. Let v = 10 + -14. Give x(v).
-7
Let u(h) = -3*h - 4 + 5 + 0 - h**3 - 5*h**2. Let n(m) = -m**2 + 4*m - 4. Let s be n(4). Determine u(s).
-3
Suppose -2*z - 4*t = z + 7, 0 = -5*t - 20. Let j(r) = 1 + z*r**3 - 2*r**3 + 0 - r**2. Suppose 7 = -5*n - 2*l, -4*n + 7*n - 2*l = -1. What is j(n)?
-1
Let f be (-18)/14 - 6/(-21). Let t = -4 - -9. Let h(v) = t*v + 0 - 7*v**2 - 4*v + 1. Give h(f).
-7
Let p be 8/(-6)*9/(-6). Suppose 3*x + 10 = -p*x. Let f(n) = -n**2 + 3*n + 1. Let r(k) = 1. Let h(s) = x*r(s) + f(s). What is h(3)?
-1
Let z be (-3)/6 + (-22)/(-4). Suppose 0 = -2*v + 3*a + 3, 3*a = -z*v + 8*a + 15. Suppose -5*p + 9 = -v. Let m(i) = -i**2 + i + 2. Calculate m(p).
-4
Let n be 12/42 + (-24)/(-14). Suppose -22 - n = -4*r. Let j be (-4)/(-14) + r/(-21). Let k(i) = -i**3 - i**2 + i + 5. Calculate k(j).
5
Let h(a) = a - 4. Let x(f) = f**3 - 6*f**2 + 4*f + 5. Let p(q) = -q**3 + 7*q**2 - 5*q - 5. Let w(d) = 6*p(d) + 5*x(d). Let i be w(11). Calculate h(i).
2
Suppose 0 = 5*j - x + 14, -2*x = -4*x - 2. Let m(v) = -2*v + 20 - 59 + 13 + 24. What is m(j)?
4
Suppose 3*k - 9 - 9 = 0. Let f(u) = u**3 - 5*u**2 - 7*u - 8. Give f(k).
-14
Let b = 8 + -2. Let x(m) = -3*m - 7 + b + 8*m + m**2 - 6. Calculate x(-5).
-7
Let b = 48 + -47. Let s(w) = 7*w - 1. Calculate s(b).
6
Let m = 3 - 1. Let v(d) = -d**m - 3 + 1 - d + 1. Suppose 6*s + 6 = -3*p + 3*s, 3*p + 6 = -4*s. Calculate v(p).
-3
Let p = -24 + 23. Let w(r) = -12*r. Calculate w(p).
12
Suppose z + 3*q = 16, 4 = -4*z + 3*q + 2*q. Let d(k) be the second derivative of 5/6*k**3 + 2*k**2 + 1/3*k**z + 0 - k + 1/20*k**5. Give d(-3).
-2
Let o(y) = -y - 1. Suppose -1 = -2*g - 3. Give o(g).
0
Suppose -20 = 5*z, v - 5*v - 5*z = -12. Let s be v/36 - (-6)/(-27). Let d(o) = -o**2 - o + 6. What is d(s)?
6
Let p(a) = a + 3. Suppose -49*f = -50*f + 7. Calculate p(f).
10
Let t(s) = -s**3 - 8*s**2 + s + 11. Suppose 4*k - 29 + 5 = 0. Let z = k + -14. Give t(z).
3
Let c(r) = 4*r + 3. Let a be c(-2). Let y = a - -10. Let m(n) = 2*n**2 + 7 - 6*n + 0*n**2 - n**2. Determine m(y).
2
Suppose -5*o + 2*y + 2*y = -7, -o = 3*y - 9. Let z be 1/o*